se 15, what is -2480 + -19c?
-262c
In base 5, what is -11 - -121100?
121034
In base 7, what is -4263 - -111?
-4152
In base 10, what is 1 + -697566?
-697565
In base 3, what is 1111111 - 2112?
1101222
In base 4, what is -12 - -1333233212?
1333233200
In base 7, what is -223251 + 2?
-223246
In base 2, what is 10000110010 + 10011?
10001000101
In base 10, what is -3 + 11000?
10997
In base 13, what is -430ab + 5?
-430a6
In base 13, what is 1732 + 19?
174b
In base 6, what is -5 + 120051?
120042
In base 13, what is 3c09 + -8?
3c01
In base 16, what is -3e1ba - -f?
-3e1ab
In base 12, what is 705399 - 2?
705397
In base 10, what is 51 + -7609?
-7558
In base 16, what is -3 + -4468c?
-4468f
In base 6, what is -11021 - -130?
-10451
In base 6, what is -422 + 2445?
2023
In base 15, what is -3cc + 99?
-333
In base 10, what is -247269 - -2?
-247267
In base 13, what is 27a38 + 7?
27a42
In base 11, what is 6468 - -5?
6472
In base 3, what is 1102012 - 11000022?
-2121010
In base 15, what is 543 + d8?
62b
In base 12, what is -13 + 3546?
3533
In base 3, what is -120022000110 + -201?
-120022001011
In base 4, what is -2031 + 111000?
102303
In base 16, what is -3f3f + -1c?
-3f5b
In base 8, what is 206153 - -3?
206156
In base 8, what is 172145 - 3?
172142
In base 16, what is 29e - -b?
2a9
In base 9, what is 3 + -1243623?
-1243620
In base 14, what is 4351 - -1?
4352
In base 2, what is -1 - -1000011000101?
1000011000100
In base 7, what is -2 + -13066?
-13101
In base 8, what is -102 - 24633?
-24735
In base 2, what is -11 - -11100011100?
11100011001
In base 4, what is -1032 + -211?
-1303
In base 10, what is 1754 - -33?
1787
In base 10, what is -675 - 637?
-1312
In base 14, what is -a + -a7505?
-a7511
In base 6, what is -1 - -114344?
114343
In base 13, what is -2768b - -48?
-27643
In base 10, what is 1 - 4980?
-4979
In base 7, what is -415015 + 2?
-415013
In base 13, what is -a4 - -a0b3?
a00c
In base 16, what is 1 + -2691f?
-2691e
In base 7, what is -300236 + 2?
-300234
In base 16, what is -1a52 - 21?
-1a73
In base 12, what is -10 + -2a08?
-2a18
In base 16, what is -5 + 565?
560
In base 10, what is -209 + 119?
-90
In base 7, what is 3 - -542042?
542045
In base 6, what is 35 + 14545?
15024
In base 15, what is -5890 + -5?
-5895
In base 10, what is -10584 + -1?
-10585
In base 8, what is -22 + 34512?
34470
In base 7, what is 1212 + -144?
1035
In base 8, what is 1661 + -16?
1643
In base 5, what is 104200 - -1213?
110413
In base 7, what is 15242 - -102?
15344
In base 16, what is -1e5 - -92?
-153
In base 8, what is 431 + 4?
435
In base 4, what is 1032122 + 0?
1032122
In base 9, what is 5820603 - 1?
5820602
In base 16, what is -345 + -24?
-369
In base 8, what is -2365 + -37?
-2424
In base 15, what is -4e8 + 4c?
-49b
In base 9, what is 45 + -3028?
-2873
In base 13, what is 933b4 + -1?
933b3
In base 4, what is -20310 - -132?
-20112
In base 4, what is -3301331 + -1?
-3301332
In base 7, what is -2 - -4453433?
4453431
In base 10, what is -328 - -3699?
3371
In base 3, what is -11202200121 - -1022?
-11202122022
In base 5, what is -4 - 1433031?
-1433040
In base 8, what is 1 - 2255220?
-2255217
In base 2, what is 11 - -1111001100011101?
1111001100100000
In base 8, what is 1 - 372535?
-372534
In base 15, what is 5 + -73a67?
-73a62
In base 12, what is b607 + -1?
b606
In base 5, what is 1013 - -121242?
122310
In base 11, what is -13011 + 27?
-12a95
In base 15, what is c - 12b2?
-12a5
In base 16, what is -144 + 9a?
-aa
In base 16, what is -1ff31 - -1d?
-1ff14
In base 14, what is 4 + -32cd0?
-32cca
In base 12, what is -5 + -2944?
-2949
In base 5, what is 340 + 123003?
123343
In base 15, what is -4136 + 2a?
-410b
In base 11, what is -4 - 1a277?
-1a280
In base 9, what is -6 + 14771?
14764
In base 7, what is 1135 + -1121?
14
In base 7, what is 0 + 40432?
40432
In base 8, what is -12174 + -5?
-12201
In base 13, what is 283 - -1465?
1718
In base 3, what is 1022201200222 - -2?
1022201201001
In base 5, what is 120030 + 314?
120344
In base 5, what is -314 - 20411?
-21230
In base 10, what is 73 - -776?
849
In base 5, what is -340030 + 0?
-340030
In base 4, what is -32 + -333302?
-1000000
In base 4, what is 13 - -32132312?
32132331
In base 6, what is 10034 + -1005?
5025
In base 12, what is -1 - -68a2?
68a1
In base 4, what is -3002 - 20022022?
-20031030
In base 4, what is -12210110322 - -11?
-12210110311
In base 5, what is -124 + -20201?
-20330
In base 11, what is 3 - -7786?
7789
In base 16, what is 3 + -1674?
-1671
In base 8, what is -36 + 1677?
1641
In base 10, what is 0 + -8622?
-8622
In base 12, what is 5b52b8 + -5?
5b52b3
In base 12, what is 5826 + 8?
5832
In base 12, what is 0 + 106816?
106816
In base 4, what is 120 - -31320002?
31320122
In base 6, what is -133 - -154452?
154315
In base 11, what is 4 + -2380?
-2377
In base 3, what is 0 + -11222110211?
-11222110211
In base 12, what is 6 + 5031?
5037
In base 8, what is -3 - -272321?
272316
In base 10, what is -10878 + 47?
-10831
In base 8, what is 4 + 1650121?
1650125
In base 5, what is -422241442 - 10?
-422242002
In base 7, what is 166234 - 45?
166156
In base 9, what is -10 + 17476?
17466
In base 7, what is 1012 - 41242?
-40230
In base 13, what is -9a14 - -1?
-9a13
In base 6, what is -3011 + 442?
-2125
In base 15, what is b83a - 3?
b837
In base 10, what is -112 - 42039?
-42151
In base 8, what is 1 + 1247606?
1247607
In base 10, what is 449 - 752?
-303
In base 9, what is 3 - 616261?
-616257
In base 12, what is 8 + 2094?
20a0
In base 13, what is -215 + 13?
-202
In base 3, what is -11 - -22002010202?
22002010121
In base 16, what is -7 + efb?
ef4
In base 11, what is 3575 + 3?
3578
In base 11, what is -94 - -12?
-82
In base 4, what is 203223313 - 22?
203223231
In base 10, what is 31395 + 3?
31398
In base 10, what is 17713 - -5?
17718
In base 4, what is -213000031 - 0?
-213000031
In base 7, what is -10556 - 416?
-11305
In base 2, what is 11 + -1011111010100000011?
-1011111010100000000
In base 12, what is 31aa - -130?
331a
In base 4, what is -1 + -110300?
-110301
In base 2, what is -100001100100100 - -11?
-100001100100001
In base 14, what is 99326 - -5?
9932b
In base 4, what is -13112311 - -11?
-13112300
In base 16, what is 5 + -7aa0?
-7a9b
In base 5, what is 11313 - -434?
12302
In base 6, what is 0 + -40523?
-40523
In base 12, what is 3 - -267a?
2681
In base 5, what is 13 + -2422?
-2404
In base 16, what is 9b + 186f?
190a
In base 8, what is -6734 - 20?
-6754
In base 10, what is 1213 + -393?
820
In base 6, what is 4 + 32552031?
32552035
In base 12, what is -138 + -1360?
-1498
In base 15, what is 30c - -c83?
1090
In base 2, what is -1001000100 - 10010100?
-1011011000
In base 5, what is -121133 - -11?
-121122
In base 11, what is 2 + -3640a?
-36408
In base 10, what is -218 - -174?
-44
In base 9, what is -18 + -65053?
-65072
In base 12, what is 233 + 1274?
14a7
In base 12, what is 23b97 - 1?
23b96
In base 10, what is 1450 - -94?
1544
In base 13, what is -123c + -6?
-1245
In base 6, what is 23132 - -3?
23135
In base 2, what is 1000011 - -10101110000110?
10101111001001
In base 9, what is -4 + 5407?
5403
In base 8, what is 30662 - 3?
30657
In base 12, what is 4 - -3019?
3021
In base 13, what is b5b1b - 1?
b5b1a
In base 9, what is -47 + -6752?
-6810
In base 8, what is -7054 - 23?
-7077
In base 2, what is 1001100001000111 + -110?
1001100001000001
In base 10, what is -37826 + 4?
-37822
In base 10, what is -84 + 223?
139
In base 7, what is 1341 - 63?
1245
In base 15, what is -87 - 44aa?
-4542
In base 15, what is 323 - 28?
2ea
In base 11, what is 1054432 - 4?
1054429
In base 3, what is -2 - 200011001001?
-200011001010
In base 2, what is -101101000000011001 - -10?
-101101000000010111
In base 16, what is 4 - 299e?
-299a
In base 3, what is 100 - -221011010?
221011110
In base 13, what is -130 + 433?
303
In base 6, what is 133232243 - -2?
133232245
In base 9, what is -363818 - 3?
-363822
In base 12, what is 20770 - -3?
20773
In base 2, what is -1001 - 100010000000101?
-100010000001110
In base 9, what is -60820 - 55?
-60875
In base 14, what is -30b - 2ba?
-5c7
In base 5, what is 4 + -1044243?
-1044234
In base 15, what is -e6a - 15d?
-10c8
In base 16, what is c6 - -4d3?
599
In base 8, what is -734 - 47?
-1003
In base 7, what is -320 + -13600?
-14220
In base 13, what is 45050 